mainder when 21457107 is divided by 4720?
4707
What is the remainder when 1362409 is divided by 64876?
13
What is the remainder when 274602 is divided by 34311?
114
Calculate the remainder when 7173538 is divided by 105493.
14
What is the remainder when 1122452 is divided by 25508?
100
What is the remainder when 5400 is divided by 26?
18
What is the remainder when 4364010 is divided by 124677?
315
Calculate the remainder when 80292 is divided by 275.
267
Calculate the remainder when 1289043 is divided by 99152.
67
Calculate the remainder when 9000839 is divided by 199.
69
What is the remainder when 9592255 is divided by 67?
66
What is the remainder when 142495 is divided by 664?
399
What is the remainder when 45277 is divided by 7403?
859
What is the remainder when 298789 is divided by 37286?
501
Calculate the remainder when 91621 is divided by 45233.
1155
What is the remainder when 955082 is divided by 477537?
8
What is the remainder when 488207257 is divided by 2721?
2716
Calculate the remainder when 425356931 is divided by 561.
560
What is the remainder when 949685 is divided by 949567?
118
What is the remainder when 5560 is divided by 5365?
195
What is the remainder when 1417029 is divided by 161?
68
What is the remainder when 58456887 is divided by 19485628?
3
Calculate the remainder when 6289272 is divided by 32.
24
Calculate the remainder when 252926 is divided by 63175.
226
Calculate the remainder when 34402639 is divided by 487.
472
Calculate the remainder when 9175127 is divided by 106686.
131
Calculate the remainder when 449116 is divided by 760.
716
What is the remainder when 324901 is divided by 2406?
91
What is the remainder when 354404 is divided by 8?
4
Calculate the remainder when 3197 is divided by 2485.
712
Calculate the remainder when 4937247 is divided by 548582.
9
Calculate the remainder when 3260451 is divided by 22.
7
What is the remainder when 739844 is divided by 414?
26
What is the remainder when 1080136 is divided by 28?
8
Calculate the remainder when 3741447 is divided by 368.
359
What is the remainder when 43245735 is divided by 94?
1
Calculate the remainder when 5256569 is divided by 1223.
115
Calculate the remainder when 24089508 is divided by 2219.
44
What is the remainder when 25185837 is divided by 406223?
11
Calculate the remainder when 642470 is divided by 160604.
54
Calculate the remainder when 77262082 is divided by 15452416.
2
Calculate the remainder when 3502843 is divided by 875685.
103
Calculate the remainder when 1136999 is divided by 375.
374
Calculate the remainder when 2243983 is divided by 925.
858
Calculate the remainder when 556286 is divided by 1671.
1514
Calculate the remainder when 112441 is divided by 112050.
391
What is the remainder when 86691004 is divided by 86690985?
19
Calculate the remainder when 168177 is divided by 82463.
3251
Calculate the remainder when 1938755 is divided by 969373.
9
Calculate the remainder when 33908 is divided by 4826.
126
Calculate the remainder when 1365131 is divided by 682455.
221
Calculate the remainder when 12039969 is divided by 256.
33
What is the remainder when 109471 is divided by 4171?
1025
What is the remainder when 278565 is divided by 2677?
157
Calculate the remainder when 675827 is divided by 1671.
743
What is the remainder when 3564617 is divided by 1188166?
119
What is the remainder when 1214363679 is divided by 160?
159
Calculate the remainder when 975834 is divided by 10995.
8274
Calculate the remainder when 12261 is divided by 1753.
1743
What is the remainder when 3687262 is divided by 64688?
46
What is the remainder when 4393191 is divided by 3495?
3471
Calculate the remainder when 647491 is divided by 2860.
1131
Calculate the remainder when 14709467 is divided by 357.
353
Calculate the remainder when 22998967 is divided by 7666272.
151
What is the remainder when 5715867 is divided by 47?
9
Calculate the remainder when 63001 is divided by 20225.
2326
What is the remainder when 8035097 is divided by 16?
9
Calculate the remainder when 5223618 is divided by 61.
5
Calculate the remainder when 4251319 is divided by 1417103.
10
What is the remainder when 90711 is divided by 45191?
329
What is the remainder when 38969 is divided by 7924?
7273
Calculate the remainder when 29896619 is divided by 14948289.
41
What is the remainder when 43626677 is divided by 47?
8
What is the remainder when 2035448 is divided by 2035415?
33
What is the remainder when 2664656 is divided by 33718?
934
What is the remainder when 7325033 is divided by 21?
2
Calculate the remainder when 640029 is divided by 708.
705
Calculate the remainder when 6975488 is divided by 211367.
377
What is the remainder when 597826 is divided by 6163?
15
Calculate the remainder when 13953584 is divided by 2790681.
179
Calculate the remainder when 45137818 is divided by 70.
68
Calculate the remainder when 267322 is divided by 44437.
700
What is the remainder when 15250 is divided by 5071?
37
Calculate the remainder when 13203 is divided by 1027.
879
Calculate the remainder when 14390469 is divided by 39.
15
Calculate the remainder when 5731 is divided by 3343.
2388
Calculate the remainder when 2434938 is divided by 115.
43
What is the remainder when 595180 is divided by 79?
73
What is the remainder when 16500 is divided by 483?
78
Calculate the remainder when 3823666 is divided by 1911808.
50
Calculate the remainder when 82357 is divided by 741.
106
Calculate the remainder when 46577 is divided by 9283.
162
Calculate the remainder when 3724863 is divided by 229.
178
What is the remainder when 341107 is divided by 341092?
15
What is the remainder when 11943705 is divided by 89132?
17
Calculate the remainder when 30665 is divided by 2733.
602
What is the remainder when 12243809 is divided by 340?
69
Calculate the remainder when 28703 is divided by 3206.
3055
Calculate the remainder when 223109 is divided by 18415.
2129
What is the remainder when 324095 is divided by 759?
2
Calculate the remainder when 5560145 is divided by 16548.
17
What is the remainder when 338678 is divided by 27?
17
What is the remainder when 470324 is divided by 124?
116
Calculate the remainder when 271299220 is divided by 287698.
6
What is the remainder when 495831 is divided by 21739?
17573
What is the remainder when 375507858 is divided by 70?
68
Calculate the remainder when 963065893 is divided by 1412.
1409
Calculate the remainder when 8005111 is divided by 3111.
508
Calculate the remainder when 369937604 is divided by 753.
752
Calculate the remainder when 4558 is divided by 542.
222
Calculate the remainder when 2133448 is divided by 1372.
1360
What is the remainder when 350799 is divided by 1655?
1594
What is the remainder when 425860 is divided by 53229?
28
What is the remainder when 48336681 is divided by 393?
39
Calculate the remainder when 29094 is divided by 14532.
30
Calculate the remainder when 71889 is divided by 4668.
1869
What is the remainder when 48104 is divided by 87?
80
What is the remainder when 32737 is divided by 909?
13
Calculate the remainder when 17080893 is divided by 448.
445
Calculate the remainder when 16271815 is divided by 103.
81
Calculate the remainder when 742393 is divided by 33701.
971
Calculate the remainder when 28590776 is divided by 1029.
11
Calculate the remainder when 110384804 is divided by 598.
582
Calculate the remainder when 1644472 is divided by 274052.
160
What is the remainder when 324384 is divided by 80870?
904
Calculate the remainder when 14717 is divided by 4520.
1157
What is the remainder when 3900332 is divided by 1299759?
1055
Calculate the remainder when 6163985 is divided by 52237.
19
Calculate the remainder when 339014 is divided by 169492.
30
What is the remainder when 48663 is divided by 825?
813
Calculate the remainder when 59641 is divided by 6550.
691
What is the remainder when 1461269 is divided by 335?
334
Calculate the remainder when 1184225 is divided by 107655.
20
Calculate the remainder when 1316387 is divided by 102.
77
Calculate the remainder when 713158 is divided by 2896.
742
What is the remainder when 319894668 is divided by 14267?
14261
Calculate the remainder when 96678 is divided by 165.
153
Calculate the remainder when 3108284 is divided 